the hundreds digit of m?
4
What is the hundreds digit of (-4 + 9/2)/(27/271188)?
0
What is the hundreds digit of (-29)/(3 - ((-10096)/(-3360))/(0 + 1))?
0
Let q(x) = x**3 - 16*x**2 - 18*x + 7. Let s be q(21). Suppose 562 = -4*i + s. What is the hundreds digit of i?
3
Let i = 36 - 34. Let x be (-63)/3 + -6 + i. What is the tens digit of (62/(-10))/(-2 - 45/x)?
3
Let u = -277 - -280. Suppose u*c + 5*b + 191 - 5128 = 0, -5*c + 8191 = -b. What is the thousands digit of c?
1
Let y be 4*7/(-14) + 2. Suppose y = -i + r + 35, -70 = -i - 2*i - 4*r. What is the units digit of i?
0
Let s = 57 - 55. What is the units digit of (-10)/(-20) - (-705)/s?
3
Suppose 2639580 = 47*u + 40*u. What is the hundreds digit of u?
3
Let h be (0 + 205 + 0)*141/235. Let z = h - 3. What is the tens digit of z?
2
Suppose 0 = -5*t - a + 757, -t - 3*a - 2*a = -137. Let b(d) = -2*d**3 + 2*d**2 - 4*d + 4. Let p be b(4). Let f = t + p. What is the tens digit of f?
4
Let f(h) = h**3 + 5*h**2 + 3*h. Let m be f(-4). Suppose -m*g + 1879 - 127 = -4*j, 5 = -5*j. What is the tens digit of g?
3
Let a(u) = 220*u**2 - 23*u + 403. What is the ten thousands digit of a(-9)?
1
Let s(o) = 648*o + 1612. What is the thousands digit of s(7)?
6
Let r = -37670 - -84626. What is the tens digit of r?
5
Let j = -1032 + 1868. Suppose -7*c = 4*c - 9240. Suppose -5*m + 5*v = -c, 5*m - 6*v + 2*v - j = 0. What is the hundreds digit of m?
1
What is the hundreds digit of (-3)/(-9)*3 - (-9641 + 7 + -5)?
6
Let k = -28 - -17. Let g = -7 - k. What is the tens digit of 2 + 47 + g*1?
5
Let v be 2094/15 - 16/(-40). Let q = 173 - v. What is the units digit of q?
3
Let f(u) = -u**3 + 11*u**2 - 10*u - 24. Let b be f(9). What is the tens digit of 11334/b - 3/24?
3
Let x = 10 + -404. Let f = -192 - x. What is the hundreds digit of f?
2
Suppose -24*g + 652838 + 854505 = 20471. What is the tens digit of g?
5
Suppose -8*r - 4*c + 2375 = -5*r, -4*r - 3*c + 3176 = 0. Let g = 14 + r. What is the tens digit of g?
1
Let v = 766 - 527. Let j = v + 6. What is the units digit of j?
5
Suppose -w = 1, 0 = s - 534*w + 536*w - 1682. What is the tens digit of s?
8
Let s be 3126 - 0 - 27/(189/14). Let m = s - 1602. What is the units digit of m?
2
Let d be (-1 + 3)*-2 - (-24)/6. Suppose d = -7*i + 29*i - 8668. What is the tens digit of i?
9
What is the thousands digit of (1146/30 - 37)/((-3)/(-67285))?
6
Suppose -13*d - 9 + 165 = 0. Let r(v) be the first derivative of v**4/4 - 11*v**3/3 - 3*v**2 + 4*v - 5. What is the tens digit of r(d)?
7
Let o(x) be the first derivative of -1/3*x**3 - 11 + 1/4*x**4 - 1/2*x**2 + 99*x. What is the tens digit of o(0)?
9
Let b(c) = -29*c + 234. Let v be b(8). Suppose 0 = 3*x - 4*x - v*n + 349, 4*x - 1372 = -2*n. What is the units digit of x?
1
Let t(u) = -3*u - 17 + 21 - 6*u. Let j(k) = -k**2 - 4. Let q be j(0). What is the units digit of t(q)?
0
Let q(d) = d**3 + 19*d**2 - 6*d + 1. Let c be q(-19). Let x = c + -37. What is the units digit of (7 + -1)*x/(-36)*-3?
9
Let g = -589 - -575. What is the hundreds digit of (-2692)/7*g*(-10)/(-40)?
3
Let h(t) = t**3. Let f(d) = -12*d**3 - 6*d**2 + 9*d - 16. Let j(b) = -f(b) - 5*h(b). What is the tens digit of j(4)?
2
Let r(j) = 2*j**3 - 7*j**2 - 2*j + 2. Let l be r(-2). Let m = 41 + l. Suppose 0 = 3*g + 5*x - 2 + 13, 0 = m*g - 2*x - 17. What is the units digit of g?
3
Let q(o) = -59*o + 81. Let s(l) = 30*l - 41. Let h(g) = 3*q(g) + 5*s(g). What is the tens digit of h(-14)?
1
Suppose -5*q + 2*l = -135784, -3*l - 135791 = -3*q - 2*q. What is the ten thousands digit of q?
2
Suppose 117*k = -4731 + 105419 + 694444. What is the tens digit of k?
9
Suppose -102 = -16*t + 19*t. Let v = t + 36. Suppose -5*b - r + 259 = -v*b, 78 = b + 2*r. What is the tens digit of b?
8
Suppose -s = -7*s + 5544. Suppose -s = 8*l - 5964. What is the units digit of l?
0
Let m(j) = 6*j - 12. Let y be m(15). Let r = 105 - y. Suppose -3*x = r - 99. What is the units digit of x?
4
Suppose 5*l - 28 = 2*l + 5*h, -l - 4*h = -32. Let x = l + 176. What is the units digit of x?
2
Let k be (1 - -1)/(26/39). Suppose f - 1286 = -k*f - 3*n, 3*f = 3*n + 975. What is the units digit of f?
3
Let t = 2 + 1. Let o = t + -11. What is the units digit of ((-6)/o)/3 + 6390/72?
9
Let m = 41 + -38. Let f be (m*(-12)/(-27))/(6/342). Suppose -2*g = -3*g + f. What is the tens digit of g?
7
Let k(y) = -2*y**2 - 6*y + 10. Let r be k(5). Let l be (-4)/(-10)*r/(-14). Suppose l*b - 312 = -2*j, -5*j + 4*b + 683 = -61. What is the units digit of j?
2
Let y(z) = 779*z**2 - 20*z + 44. What is the hundreds digit of y(2)?
1
Let t = -2346 + 2537. Suppose 4*x = 4*w + 8, 0 = -4*x + x + 4*w + 8. Suppose x = 4*a + 5*s + t - 698, -3*a - 4*s + 380 = 0. What is the tens digit of a?
2
Suppose 23*t = 36385 + 31488. What is the tens digit of t?
5
Let s(i) = -289*i - 19. Let j(r) = 2*r + 1. Let a(z) = -6*j(z) - s(z). What is the tens digit of a(1)?
9
Suppose -3*v = 5*f + 23, 179*v - 4*f = 182*v + 19. Let i = -1864 + 982. What is the units digit of v/5 - i/10?
8
Let r be 55 + -50 + 0 + 1. What is the hundreds digit of 3830/r - 164/123?
6
Let m be 1/5*(-50)/4*-2. Suppose -q = -0*q + 4*c + 14, 5*q = m*c + 55. What is the units digit of (q/(-12))/((-1)/12) - 1?
5
Let f be (-64)/(-80)*(-15)/(-2). Suppose 269 = 3*l - 139. Suppose -f*x + 748 = l. What is the tens digit of x?
0
Let x(o) = 3*o - 18. Let t(w) = w**3 - 4*w**2 + 5*w - 7. Let a be t(4). Let r be x(a). Let p = r - 19. What is the units digit of p?
2
Suppose -240*o = 5*c - 242*o - 103801, -o - 103803 = -5*c. What is the thousands digit of c?
0
Suppose k + 6 = 9. Suppose -7*b = -k*b. Suppose b = j - 19 - 28. What is the units digit of j?
7
Suppose 8*w - 8374 = 5*w - 5*p, -4*p = w - 2796. What is the units digit of w?
8
Let g = -188 + 474. Suppose p = 2*h + 6, 4*h = 3*h - 3. What is the hundreds digit of (g/(-4))/(p - (-2)/(-4))?
1
Suppose 0 = -2*p + 5*m + 36 + 73, 3*p = -3*m + 195. Let h = p + -62. Suppose h = 10*a - 406 - 624. What is the units digit of a?
3
Let v(m) = -m**3 - 24*m**2 + 48*m - 83. What is the thousands digit of v(-34)?
9
Let d(s) = -4*s - 12. Let j be d(-4). Let z be 176 + ((-6)/(-8))/(2/(-8)). Suppose -2*n + z = j*u - 23, 5*u = 4*n - 457. What is the tens digit of n?
0
Let g = 5455 - 1544. What is the tens digit of g?
1
Let c(n) = -n**2 - 1. Let z(a) = -199*a**2 + 5*a + 3. Let p(d) = -5*c(d) - z(d). What is the hundreds digit of p(2)?
8
Suppose 2325144 = 196*g - 82*g. What is the hundreds digit of g?
3
Let d be (-2 - (-1 - 4)) + 28. Let f(s) = 3*s + d + 4 + 4 - 1. What is the tens digit of f(5)?
5
Let i be (-3)/(-12) - (-4 - (-1852)/(-16)). Suppose 0 = -g + 6*g - i. Suppose -17*a + g*a - 203 = 0. What is the units digit of a?
9
Suppose 0 = 61*r - 188945 - 205847. What is the tens digit of r?
7
Suppose 12*t - 15*t - 3 = 0. What is the tens digit of (607/(-2))/(-1 - t/2)?
0
Suppose 69*l - 23487 = -74692 + 549799. What is the tens digit of l?
2
Let z(r) = -4 + 7*r - 7 - 6*r - 2*r. Let d be z(2). What is the tens digit of 9 + d + (-156)/(-2)?
7
Let l(c) = c**3 - 2*c**2 + 2*c + 18. Let q be l(0). Suppose q*u - 17*u = 2673. What is the units digit of u/77 - 2/(-7)?
5
Let k be -8*(-10 - 12/4). Suppose -5*i + 848 = -i. Let a = i - k. What is the tens digit of a?
0
Suppose 5*k - 353*j - 27150 = -358*j, k - 5*j = 5466. What is the thousands digit of k?
5
What is the thousands digit of 5/((-75)/(-233781)) - (42/30 - 2)?
5
Let s = -78584 - -151856. What is the thousands digit of s?
3
Let g(f) = -20*f - 15. Suppose 6*z = 3*z - 9. What is the tens digit of g(z)?
4
Suppose -122*h = -23*h - 2847735. What is the thousands digit of h?
8
Let r(s) = 16*s - 77. Let o be r(5). Suppose -1423 = -3*f + o*d + 770, -729 = -f - d. What is the hundreds digit of f?
7
Suppose 31*y - 61*y = 58*y - 90112. What is the tens digit of y?
2
Suppose 0 = -2*i - 4*n + 15082, 5*i = -5*n + 17441 + 20244. What is the units digit of i?
3
Suppose -24*n + 647423 + 1224697 = 0. What is the ten thousands digit of n?
7
Suppose 84*q - 44*q = 25*q + 235620. What is the hundreds digit of q?
7
Suppose -2274 = -3*s + 186. Suppose 68 + s = 2*g. What is the hundreds digit of g?
4
Suppose 4*q + 3*f - 10000 = 0, 2*q = -3*f - 205 + 5199. What is the units digit of q?
3
Let i be 42/(-7) + 112 - -2. What is the units digit of -6*4/